ctors of u?
3, 5
Let q be 21 + 2*(-12)/8. Let g be (4/(-2))/(-1) - -1. Suppose -g*m + q = p + 2*p, 3*m - 5*p + 14 = 0. What are the prime factors of m?
2
Suppose 3 = -3*d, -11 = -a - 2*a - d. Let b(q) = 1 - a*q - 9 + 1. List the prime factors of b(-5).
13
Let z be 2/(-7) - (-32)/14. Suppose -z*m + 146 = 38. Suppose 0 = f + l + 1 - 15, -5*f + m = l. What are the prime factors of f?
2, 5
Suppose -3*s + 9 = -m, 2*s - 5*m - 12 = -2*s. Let a = 4 - s. Let j = 13 - a. List the prime factors of j.
2, 3
Let j(t) be the second derivative of t**5/20 + 3*t**4/4 - 5*t**3/3 + 7*t**2 + 8*t. Let u(b) = -3*b + 8. Let p be u(6). What are the prime factors of j(p)?
2, 7
Suppose -3 - 3 = -3*g. Suppose 2*i + g*i - 124 = 0. What are the prime factors of i?
31
Let t(u) = -u**3 - 9*u**2 - 7*u + 10. Suppose 3*r + 24 = 3*x, -4 = -0*x - 2*x. Let j be (-16)/6*r/(-2). What are the prime factors of t(j)?
2
Suppose -2*d + 140 = 3*d. Let l be (-1)/2 + 33/(-2). Let m = d + l. What are the prime factors of m?
11
Suppose -4*y - y - 15 = 3*o, -15 = -2*y + 3*o. Suppose 4*i + 8 + y = 0. List the prime factors of 4/(-8) - 19/i.
3
Let y be ((-16)/3)/(1/(-9)). Let v be y/10 + (-2)/(-10). List the prime factors of v + 9 + (-1 - 1).
2, 3
Suppose 4*m + 22 = 2*m + b, -5*b - 20 = 3*m. List the prime factors of 45/m*(-8)/3.
2, 3
Suppose -2*x = -2 - 14. Let a = 9 - x. Suppose h + 3*d - a = 17, d = 2*h - 36. List the prime factors of h.
2, 3
Let j be (-136)/(-3) - 2/(-3). Suppose 2*n - 3*q = -j, 0 = -n - 0*n + 3*q - 26. Let y = n + 29. What are the prime factors of y?
3
Let g = 23 - 9. Suppose g = c + c. What are the prime factors of c?
7
Suppose 0 = -3*i + i. Suppose i = -h + 3*h - 22. What are the prime factors of h?
11
Suppose 0 = -5*g - 3*d + 570, 2*g - 78 - 119 = 5*d. What are the prime factors of g?
3, 37
Let v(b) = -5*b**3 - b**2 + 9*b + 13. Let s(k) = -9*k**3 - 3*k**2 + 18*k + 25. Let z(q) = -4*s(q) + 7*v(q). List the prime factors of z(-6).
3
Let i be 12/(-10)*(-40)/16. What are the prime factors of 1*(i - 2 - -32)?
3, 11
Let c(z) = z**2 + 2*z - 3. Let g be (-1)/(-2)*(-6 + 10). List the prime factors of c(g).
5
Let m(s) = 121*s**2. List the prime factors of m(-1).
11
Suppose 3*o - o - 122 = 0. What are the prime factors of o?
61
What are the prime factors of (14/35)/((-1)/(-145))?
2, 29
Suppose -5 = -4*h + 7. What are the prime factors of h?
3
Let x(g) = g**3 + 6*g**2 - 7*g + 4. Let k be x(-7). Suppose 0 = -3*y - 2*n - 3*n - 6, k*y - n - 15 = 0. List the prime factors of y.
3
What are the prime factors of (13 - (-12)/4)*(-46)/(-8)?
2, 23
Suppose 3*b = 2*m + 264, 5*b - 3*m + 5*m = 440. What are the prime factors of b?
2, 11
Let h(y) = y**2 + 4*y + 2. Let o be h(-4). Suppose -1 + 3 = o*a. Suppose -5*m = 15, 20 = 3*p + m - a. What are the prime factors of p?
2
Let l = 48 - 21. List the prime factors of l.
3
Let p(n) = 85*n**3 - 3*n + 2. List the prime factors of p(1).
2, 3, 7
Suppose 20 = d + d. Let w = -2 + d. List the prime factors of w.
2
What are the prime factors of 12/(-126) - 15504/(-63)?
2, 3, 41
Let p(k) = -k**3 - 3*k**2 + 2*k - 2. Let m be (-3)/(-4) + (-23)/4. What are the prime factors of p(m)?
2, 19
Suppose 2*j - 7*j + 3*f + 1915 = 0, 0 = 3*j + 4*f - 1120. List the prime factors of j.
2, 5, 19
Let i = 2 + 0. Suppose w - 33 = -i*w. What are the prime factors of w?
11
Suppose 2*t - t - 19 = 0. Suppose 4*b - t + 7 = 0. List the prime factors of 10/b*(-27)/(-15).
2, 3
Suppose -k + 26 = -2*d, 76 = -0*k + 4*k - d. Let g be (-1)/((-3)/k - 0). Suppose x = g + 4. List the prime factors of x.
2, 5
Let p(t) = -4*t**3 + 2*t**2 + 2*t + 1. Let a be 3 + -4 + 0/3. List the prime factors of p(a).
5
What are the prime factors of (-95)/20 - -5 - (-519)/4?
2, 5, 13
Suppose -5*m + 151 = -419. List the prime factors of m.
2, 3, 19
Suppose 0 = -s + 4*d + 8, 3*d = 4*s + d - 46. What are the prime factors of s?
2, 3
Suppose 3*v + 1 = -11. List the prime factors of 129/15 + v/(-10).
3
Suppose 7*v - 110 = 5*v. What are the prime factors of v?
5, 11
Let i(q) = 7*q + 43. What are the prime factors of i(7)?
2, 23
Let j = -15 - -32. Suppose 0*o = 3*o - 5*b - 1, 3*o = 4*b + 5. Let x = j - o. What are the prime factors of x?
2, 5
Suppose -4*p + 101 = -35. List the prime factors of p.
2, 17
Let x(a) = 39*a - 5. List the prime factors of x(5).
2, 5, 19
Let t(k) = k**3 - 5*k**2 + 5. Let u be 1 + 3/(3/4). Let f be t(u). Suppose -f*x + 34 = 14. What are the prime factors of x?
2
Let i(f) = 3*f**2 - 2 + 0 + 6*f - 4*f**2. What are the prime factors of i(5)?
3
List the prime factors of 6/(-1 + -1 - -4).
3
List the prime factors of (-508)/(-18) + (-4)/18.
2, 7
Let h = 4 - -2. Suppose -h*m - 26 = -8*m. Let a = -7 + m. List the prime factors of a.
2, 3
Let b be (-6)/9*3/(-2). Suppose -b = 3*j - 13. List the prime factors of j.
2
Let n(o) = o**2 + 4*o + 1. Let a be n(-4). Let q be -2 - 4/(-2)*a. Suppose -i - 3*g = -0*i - 21, 2*i - 3*g - 15 = q. List the prime factors of i.
2, 3
Suppose -d - d + 4*m + 130 = 0, -205 = -3*d - 4*m. What are the prime factors of d?
67
Let h(b) = -b**2 - b + 1. Suppose -n + 3 = 2*n. Let j be h(n). List the prime factors of j/4 + 18/8.
2
What are the prime factors of (-5 + 3 + 69)/1?
67
Let a(z) = z**2 - 5. Let w be a(0). List the prime factors of ((-6)/w)/((-6)/(-45)).
3
Suppose -2*d - 62 = -20. Let l = 40 + d. What are the prime factors of l?
19
Suppose 2*j + 0*j = 50. What are the prime factors of j?
5
Suppose -129 = 4*x - 25. List the prime factors of x/(-3) + 6/(-9).
2
Let d(p) = -p**3 - 2*p**2 + 5*p + 2. Let t be d(-3). Let c = t - -6. Suppose 36 = 5*o - 4*l, c*o + 8 = 7*o + 3*l. List the prime factors of o.
2
Let b be 2 - (-6)/(-2)*-1. Let x(i) = i**3 + i**2 + i - 1. Let f(s) = -2*s**3 - 8*s**2 - 4*s + 5. Let d(j) = -f(j) - 3*x(j). What are the prime factors of d(b)?
3
Suppose -k = -4*k + 102. What are the prime factors of k?
2, 17
Let f = -488 + 805. What are the prime factors of f?
317
Let r(p) = -p - p - 3 + 23*p + 2. Let h be r(1). What are the prime factors of (2 - (1 - -2)) + h?
19
Let s be -65 - (6/(-2) + 0). What are the prime factors of 3/(3 + 180/s)?
31
Let o(f) = 5*f + 1. Let m be o(-1). Suppose 0 = q - 0 - 4. List the prime factors of 23/q + m/(-16).
2, 3
Let c(m) = -20 - 2*m + 23 + 0*m + 3*m**2. Let a = 1 + 1. What are the prime factors of c(a)?
11
Let k = 14 + -11. Suppose -60 + k = -3*a. What are the prime factors of a?
19
Let n(w) be the third derivative of w**6/120 - 3*w**5/20 - w**4/3 + 7*w**2. What are the prime factors of n(10)?
2, 5
Suppose 0 = -s + 2. Let g(i) = -i**2 + 3*i. Let p be g(s). Suppose -p*z = -t + 2, 0*z - 2*z + 2 = 0. List the prime factors of t.
2
Suppose 0 = -2*p + 5*p. Suppose p = 4*n + n - 15. Suppose -n*s = -s - 24. What are the prime factors of s?
2, 3
Suppose s - 145 = -2*n - 10, s = 4*n - 285. What are the prime factors of n?
2, 5, 7
Let l = -78 - -81. List the prime factors of l.
3
Let r(f) = -f**2 + 14*f - 9. List the prime factors of r(11).
2, 3
Let q = -9 + 8. What are the prime factors of 14 - (0 - (-1)/q)?
3, 5
Suppose -195*u = -196*u + 130. List the prime factors of u.
2, 5, 13
Suppose -2*w + 7 = -3. List the prime factors of w.
5
Let t(l) = l**3 - 3*l**2 - 4*l + 1. Let j be t(4). Let i be (4*-2*-1)/j. Let s = i - -2. List the prime factors of s.
2, 5
Let t(o) = o - 8. Let b be t(10). Suppose -3*s - y + 12 = -b*s, 60 = 5*s + y. List the prime factors of s.
2, 3
Suppose 3*n - n = -4. Let w be 0/(3 + (n - -1)). Suppose 0 = 4*o - w*o - 36. List the prime factors of o.
3
Let k be 3/((-9)/10)*-9. What are the prime factors of (8/10)/(6/k)?
2
Let p(r) = r**2 - 1. Suppose -4*b = -4*t + 12, 2*b + 6 = -0*b. Let i be (t + -3)/(-6)*4. List the prime factors of p(i).
3
Let f be (-80)/6 + 2/6. Let n = 36 + f. Suppose -x - 3*x = -5*o + n, 8 = 4*o + 2*x. List the prime factors of o.
3
Suppose 8 = -2*f - 6. Let u(i) = -2*i - 6. Let k be u(f). Suppose 0 = -2*m + 20 + k. What are the prime factors of m?
2, 7
Let m(u) = 7*u**3 - u**2 + 2*u - 1. Let r be m(1). Suppose -2*l - 3*l = h - r, -2*h = -4*l - 28. List the prime factors of h.
2, 3
Suppose -1 = 3*l - 5*u, -6*u = -l - 3*u - 3. Suppose 2*s = -l*s + 140. What are the prime factors of s?
2, 7
Suppose a + 4*p = 232, -501 = -4*a + p + 393. What are the prime factors of a?
2, 7
Suppose 0 = 5*h + 5*x 